*i = -3*u + 4, 2*u = -10*i + 5*i + 11. Let l(j) = -8*j**2 + 0*j**2 + 0 + 7*j**2 - i. What is l(-4)?
-17
Let p(x) = -x**3 - 14*x**2 + 4. Let w be p(-14). Let h(s) = 0*s + 3*s**2 + 2*s**2 + 0*s + s**3 - 4*s - w. Determine h(-5).
16
Let z be 2/5 - (-16)/10. Suppose -i = 2*q, -3*i + 7 = -q + 21. Let u(t) = 0*t**q - 5*t + 2 + 4*t**z - t**3 + 2*t**2. What is u(4)?
14
Let x = 7684 + -7687. Let l(f) = 2*f**3 + 3*f**2 - 8*f - 16. Give l(x).
-19
Let n(y) = -y**2 + 6*y - 1092 + 1089 + 4*y. Suppose -2*b + 5*b = 300. Suppose -4*i + b = 6*i. Calculate n(i).
-3
Suppose 0 = -8*j - 15171 + 15219. Let m(x) = -2*x**2 + 8*x - 14. Determine m(j).
-38
Let o(d) = d**2 - 14*d + 15. Let i be o(12). Let q be ((6 + -3)/i)/((-1)/15). Let n be 6/(-2) + (4 - q)*2. Let z(l) = -l**2 - 7*l + 2. Determine z(n).
12
Let x(j) = -j**2 + j + 5. Let d be 5/(-2)*32/(-20). Suppose 2*z = -d*i - 24 + 8, 5*i - z = -20. Calculate x(i).
-15
Let t(u) = u - 74. Let h = 14506 + -14500. Determine t(h).
-68
Let c(h) be the third derivative of h**5/30 - h**4/6 + 5*h**3/6 + 161*h**2 + 50*h. Let g = 3 + -1. Determine c(g).
5
Let g(z) = 2*z**3 - 4*z**2 - 2*z - 1. Let k be g(3). Suppose -7*a - 8 = -k*a. Let r(t) = t**3 + 6*t**a - 6*t**2 - 5 - 4*t**2. What is r(5)?
20
Let a(c) = 16*c**2 + 21*c + 8. Let x(v) = 7*v**2 + 11*v + 5. Let o(t) = 3*a(t) - 7*x(t). What is o(-11)?
22
Suppose -6 = -c - 2*c. Suppose -3*k - c*m - 29 = 0, -2*k - 5*m + 2 - 25 = 0. Let r = k - -11. Let z(w) = 3*w**2 - w + 1. Give z(r).
11
Let k(f) = 30 + 69 - 4*f - 53. Let g be k(11). Let r(c) = -14*c**2 + 23*c**g - 11*c**2 + 4. Give r(-4).
-28
Let d(i) = 30*i - 98. Let z be d(3). Let n(u) = -u**2 + u + 11. Determine n(z).
-61
Let t(k) = k**3 - 2*k**2 - 3*k - 22. Suppose -x - 25 = 19*d - 14*d, 23*x - 5*d = 145. What is t(x)?
38
Let o = 16416 - 16399. Let t(i) = i**3 - 21*i**2 + 70*i - 32. What is t(o)?
2
Let f(b) = -24*b - 5. Let x(y) = -39*y - 13. Let s(j) = -5*f(j) + 3*x(j). Calculate s(-4).
-26
Let c be (0 + 6)*(-2)/2. Let o(r) be the third derivative of -r**5/30 - 5*r**4/12 - 4*r**3/3 + 49*r**2 + 30. Give o(c).
-20
Let f(q) = 37*q + 13. Let y(d) = 13*d. Let h(t) = -f(t) + 3*y(t). What is h(-6)?
-25
Let b(o) = 2*o**2 - 28*o - 29. Let l be (-2)/4*(-4 + -12 + -14). What is b(l)?
1
Let a(n) = -n**3 + 7*n**2 + 27*n + 29. Suppose 59*w - 168 - 219 - 203 = 0. Give a(w).
-1
Let z(t) be the second derivative of -t**4/24 + 2*t**3/3 - 9*t**2 + 60*t. Let o(d) be the first derivative of z(d). Give o(0).
4
Let f = 8 + -13. Let m(x) = 125*x + 172*x - 296*x - x**3. Let h(w) = -4*w**3 + 4*w**2 - w - 3. Let o(j) = f*m(j) + h(j). Determine o(-4).
21
Let c be (0 + 2/(-6))*4/6*-9. Let v(m) be the third derivative of 0 + 1/30*m**5 + 0*m**3 + c*m**2 + 1/120*m**6 - 1/6*m**4 + 0*m. Calculate v(-3).
3
Let a(k) = -4*k**2 - 18*k + 11. Suppose 3*z - 5*d = -40, 157*d - 155*d = -2*z. Calculate a(z).
1
Suppose -2*u - 3 = -v, -4*v = -7*v + 2*u + 9. Let p(x) = 309*x**2 - 33*x - 271. Let s(n) = 9*n**2 - n - 8. Let z(r) = -p(r) + 34*s(r). Calculate z(v).
-31
Let h(y) = 1285*y**3 - 7*y**2 - 2536*y**3 + 12*y - 10 + 1252*y**3. Determine h(4).
-10
Let y(k) = -6*k**2. Let v = 41 + -41. Suppose v = 2*n + 5 + 5. Let h(a) = -7*a**2 + a. Let o(d) = n*y(d) + 4*h(d). Calculate o(-3).
6
Suppose -2 + 6 = -4*b. Let n(u) = 2*u**3 + 6*u**2 + 2. Let y be n(-3). Let l(k) = -y*k**2 + 24*k**3 + 4 - 17*k**3 + 3 - 6. Give l(b).
-8
Suppose 19*f - 775 - 4 = 0. Suppose -g = -34 + f. Let j(r) = -r - 12. Give j(g).
-5
Let w(t) = -t + 2 + 1 + 0 - 4. Let q = -22 + 24. Suppose -5*d + 2*n = n - 22, -2*d - 3*n + q = 0. Calculate w(d).
-5
Let f = 254 + -250. Let a(w) = -12*w + 9 - 24*w**2 + 25*w**2 + f*w. Give a(7).
2
Let t(s) = 2*s + 36. Let i = -45 - -158. Suppose 37*z - i = -779. Determine t(z).
0
Let x(q) = -9*q**2 - 46*q + 17. Let s(z) = -24*z**2 - 137*z + 51. Let t(o) = 4*s(o) - 11*x(o). What is t(13)?
-22
Let v(m) = 2*m**2 + 12*m + 22. Suppose 0 = 27*o - 8*o + 190. What is v(o)?
102
Let b(k) = 4*k**2 - 3*k + 3. Let c be ((-4)/2 - -1)/(25/(-250)). Suppose -2*n - c*m + 9 = -7*m, 3*n - 3*m - 6 = 0. Calculate b(n).
30
Let x(a) = 8*a + 8. Let d(j) = j**2 - 38*j + 243. Let z be d(8). Suppose 8*n - 10*n + z*s - 18 = 0, -12 = n - 3*s. Give x(n).
-40
Let o(q) = 7*q - 5. Suppose 4*s - 263 + 251 = 0. Give o(s).
16
Let x(k) = k**2 - 10*k + 6. Suppose -26 = 10*u - 12*u. Suppose 31*q - 72 = u*q. Give x(q).
-18
Let w(t) = 2*t**3 - 8*t**2 + 5*t + 7. Let f(m) = 3*m**3 - 12*m**2 + 7*m + 10. Let g(j) = 5*f(j) - 7*w(j). Let v = -933 - -935. Calculate g(v).
-7
Let z be 4/(-3) + (-35)/3. Let h(l) = -l**3 - 13*l**2 - l + 13. Give h(z).
26
Let p(q) = q**3 + 8*q**2 - 10*q - 11. Let y(j) = -3*j + 65. Let c(r) = -2*r + 33. Let t(o) = -11*c(o) + 6*y(o). Let s be t(-9). Determine p(s).
-2
Let d(j) = -3*j**2 - j. Let n be (-4)/(-38) - (-346)/(-38). Let o(u) = -13*u**2 - 5*u - 1. Let z(q) = n*d(q) + 2*o(q). Determine z(0).
-2
Let b(n) = 2*n**2 - 1. Let h be 0 + 2 - -283*1. Let s = h + -288. Determine b(s).
17
Let y = 2 + 2. Let v(i) = 4*i + 106. Let g(s) = -2*s - 65. Let b(p) = 5*g(p) + 3*v(p). Determine b(y).
1
Let j(o) = -10*o - 615. Let u be j(-62). Let y(r) = 24*r - 17. Determine y(u).
103
Let x(d) be the first derivative of d**3/3 - 7*d**2/2 + 2*d + 1341. Let z = 12 + -3. What is x(z)?
20
Suppose -5*q = -2*d - q - 4, 5*d - 5*q - 15 = 0. Let i(h) = 2*h - 25. Let a be i(d). Let j(x) = x**3 + 10*x**2 + 9*x - 12. What is j(a)?
-12
Let i(s) = -146 + 0*s - 64 + 2*s - 8*s + 37*s**2 - 6 + s**3. What is i(-37)?
6
Let w = -114 - -135. Suppose 36*c + 15 = -w. Let n(j) = -9*j**3 - 2*j**2 - 2*j - 1. Determine n(c).
8
Suppose j + 4 = 0, -2*p - 10 = 17*j - 14*j. Let y(v) = -4*v**3 - v**2 - 5*v + 5. Let o be y(p). Let g(r) = 5*r + 9. Determine g(o).
-16
Let r(q) be the first derivative of q**4/4 - 3*q**2/2 + 10*q - 2637. Calculate r(3).
28
Suppose 2*v = s, v + 18 = -2*s - 4*v. Let c = 4 + s. Let g(r) be the first derivative of -r**4/4 - r**3/3 + r**2/2 - 9*r + 1521. Calculate g(c).
-9
Let l(o) = -460297*o - 5*o**2 + 23 + 2*o**2 + 460300*o. Determine l(-4).
-37
Let v(r) = -9*r**2 - 4*r - 9. Let o(f) = 18*f**2 + 10*f + 23. Let b(p) = 4*o(p) + 10*v(p). Calculate b(-1).
-16
Let c(u) = 6*u + 7. Let a(k) = k**3 + 13*k + 15. Let t(n) = -6*a(n) + 13*c(n). Suppose -5*q + g = -63, -3 = -q + 2*g + 6. Suppose q*v = -v - 14. Determine t(v).
7
Let s(q) = -42*q - 24. Let w(l) = -l - 6. Let z(h) = s(h) - 30*w(h). Determine z(13).
0
Let m(f) be the third derivative of -f**5/60 + f**4/4 - f**3 - 4*f**2. Let y(n) = -3 + 4*n**2 + 8 + n**2 - 11*n**2 + 8*n**2 - n. Let z be y(0). What is m(z)?
-1
Suppose -k + 9 = 3*n, 3*n - 4*k + 4 + 2 = 0. Let h(w) = 2*w - 1 + 93*w**3 - 92*w**3 - 5*w**2 + n*w. What is h(4)?
-1
Let n(v) be the second derivative of 7*v + 2*v**2 + 0 - 1/8*v**4 + 1/2*v**3. Let r(t) be the first derivative of n(t). What is r(-6)?
21
Let w(b) = b**3 + 7*b**2 - 4*b - 5. Let f(y) = y**3 - 2*y**2. Let r(d) = 2*f(d) + w(d). What is r(-4)?
-133
Suppose 6*g + 324 = -12. Let s be ((-65)/(-40))/((-7)/g). Let o(j) = -j**3 + 12*j**2 + 13*j - 9. What is o(s)?
-9
Suppose 4*a = -4*l - 0*l, 5*a = -4*l - 4. Let x = -1 + l. Let s(z) = -10 - 251*z**2 + 123*z**2 - 9*z - z**x + 120*z**2. Determine s(-7).
4
Let g be 8342/(-645) - 39/(-3). Let q(b) be the third derivative of 0*b - 1/120*b**6 + 1/8*b**4 - g*b**5 + 9*b**2 + 0 + 1/3*b**3. What is q(-5)?
12
Let u(w) = -w**3 - 7*w**2 + 131*w + 436. Let l be u(-14). Let i(b) = b**3 + 26*b**2 - b - 17. What is i(l)?
9
Let n(p) = 0 + 7*p**2 + p**3 - p - 1 - 2. Let k be -26 + (-4)/3*6/4. Let g = k - -21. What is n(g)?
4
Let m be (8/(-10))/((-6)/30). Suppose h + 3 = -5*s - 6, -2*h + m*s - 4 = 0. Let d be (h + -5 + 4)/(-1 - 0). Let u(a) = -a + 10. Give u(d).
5
Let d(p) = 2*p + 1. Let h be ((-9)/6)/(1/2). Let v be d(h). Let m(y) = -4*y**2 - y**3 + 4*y - 3370 - 3374 + 6743. Give m(v).
4
Let s(m) be the first derivative of m**4/12 - m**3/6 + 15*m**2/2 + 33. Let l(j) be the second derivative of s(j). What is l(8)?
15
Suppose -3*d - 6 = 0, -5*u - 40 = -4*d - 13. Let p(x) be the first derivative of 3*x**2 + 1/3*x**3 - 3*x - 14. What is p(u)?
4
Let a(t) = -t**2 + 7*t**3 + 1 - 4*t**3 + t**3 + t - 6*t**3. Let j be (-4 - 4 - -7) + 96. Let v = -93 + j. Determine a(v).
-17
Let u(w) = w**2 - 5*w + 4. Suppose -87 = -5*f - 27. Suppos